se 5.
34010422
What is -1604240 (base 7) in base 15?
-452ae
Convert -653416 (base 7) to base 16.
-1bda5
What is -427467 (base 8) in base 2?
-100010111100110111
Convert -4893 (base 14) to base 8.
-30601
What is 20530026 (base 7) in base 15?
2450e9
-275546 (base 12) to base 4
-2133033012
1014534 (base 6) to base 8
137572
Convert -654266 (base 7) to base 12.
-56225
Convert -656398 (base 10) to base 6.
-22022514
Convert -34225310 (base 6) to base 5.
-231431040
16e4b2 (base 15) to base 11
69a052
Convert 1211 (base 8) to base 9.
801
What is -20212212102 (base 3) in base 12?
-664b5
What is -7444501 (base 10) in base 15?
-9c0ba1
-123402401 (base 5) to base 3
-1010211002201
Convert -3216534 (base 8) to base 3.
-1121122222202
-553112 (base 8) to base 14
-4ba8a
77d13 (base 15) to base 16
5d00f
-5245140 (base 7) to base 10
-633255
4a08a (base 12) to base 16
187ea
Convert -13637 (base 9) to base 14.
-3540
-120220102000 (base 3) to base 5
-40004123
What is -1132301232 (base 4) in base 13?
-107910
-e5070a (base 16) to base 14
-1dc9d46
Convert -21210212 (base 3) to base 15.
-1a48
Convert -1102646 (base 7) to base 14.
-37526
What is 262771 (base 10) in base 12?
108097
What is -3b07b1 (base 12) in base 7?
-11202463
Convert -c0804 (base 14) to base 5.
-104300224
Convert 111101100101011111 (base 2) to base 11.
162583
What is -448447 (base 11) in base 12?
-2a51bb
What is 20a950 (base 13) in base 9?
1386848
What is -2210022110102 (base 3) in base 5?
-334414032
Convert -122010211122 (base 3) to base 5.
-41244114
Convert 3917201 (base 11) to base 16.
6794f7
-be5dec (base 15) to base 14
-12c5a2d
Convert -2001120201 (base 3) to base 14.
-10aa3
Convert -8066578 (base 10) to base 3.
-120011211021011
What is 4340430 (base 7) in base 9?
888150
142003002 (base 5) to base 15
e7a87
What is 838d0 (base 15) in base 3?
210012011220
24271611 (base 8) to base 11
3016571
Convert -3141413104 (base 5) to base 10.
-6591654
Convert 1073543 (base 10) to base 9.
2015555
Convert 2472b1 (base 16) to base 6.
123110333
21247 (base 12) to base 10
43543
Convert -220001000121 (base 3) to base 13.
-137482
What is -46231 (base 13) in base 2?
-11111001100111100
Convert 156edd (base 16) to base 9.
2570717
1aa65 (base 13) to base 9
78665
Convert 460042 (base 10) to base 3.
212101001121
-2120110002212 (base 3) to base 15
-1c0052
What is -322020 (base 11) in base 4?
-1331300233
Convert -1021100010022 (base 3) to base 12.
-287168
101100101110010010111 (base 2) to base 16
165c97
Convert b47337 (base 13) to base 3.
21221010001212
-23401dc (base 14) to base 10
-16826598
What is 1000100110011101000 (base 2) in base 7?
2252445
6104020 (base 8) to base 15
21b54b
692ac (base 14) to base 8
763370
What is 3c06c8 (base 16) in base 6?
220152252
128832 (base 10) to base 15
2828c
Convert 110102012221 (base 4) to base 14.
9c59a1
-2a914 (base 13) to base 4
-103223312
Convert 8850d (base 14) to base 9.
553040
20e10 (base 15) to base 7
613263
-e47b0 (base 16) to base 8
-3443660
-16466542 (base 9) to base 4
-133132221122
Convert -6663665 (base 7) to base 8.
-3106360
-4206542 (base 7) to base 4
-1323222233
6503505 (base 7) to base 16
c12a8
-bd1cbd (base 16) to base 8
-57216275
What is 24614312 (base 9) in base 2?
101101111111010010101111
14b66 (base 12) to base 2
111001001111110
What is 91233 (base 14) in base 16?
552fd
Convert -823880 (base 10) to base 14.
-176368
Convert -775930 (base 10) to base 16.
-bd6fa
What is -2762600 (base 8) in base 10?
-779648
What is -1860476 (base 9) in base 2?
-11111110110010001000
What is 26748 (base 13) in base 15?
162ec
What is -1339242 (base 10) in base 3?
-2112001002120
246 (base 8) to base 13
ca
What is 25662c (base 13) in base 9?
1621043
-100100201112 (base 3) to base 14
-4b1d9
-5b1a0 (base 16) to base 10
-373152
Convert -264463 (base 7) to base 5.
-3042013
What is -1c97c8 (base 13) in base 5?
-142011040
-604ee3 (base 16) to base 10
-6311651
211112202202 (base 3) to base 13
126ccb
-120203113333 (base 4) to base 2
-11000100011010111111111
What is 15011622 (base 7) in base 14?
28b882
Convert -39216 (base 12) to base 2.
-10011000011110010
-529131 (base 11) to base 5
-204043141
Convert 7344466 (base 8) to base 2.
111011100100100110110
120040304 (base 6) to base 15
2e51c4
What is 12517a (base 11) in base 5?
22302241
Convert 355932 (base 10) to base 9.
602220
Convert -20000111101100 (base 3) to base 6.
-152315230
Convert -3545e5 (base 16) to base 13.
-953178
What is -15413752 (base 8) in base 6?
-203552202
Convert 355543 (base 7) to base 13.
23422
What is 434247 (base 8) in base 13?
51351
-13305 (base 14) to base 5
-3002431
Convert 3476073 (base 9) to base 8.
7131466
-535364 (base 9) to base 5
-40200444
What is -2646556 (base 9) in base 12?
-59a136
642421 (base 9) to base 10
382339
7984b (base 12) to base 10
161915
Convert 34562570 (base 8) to base 15.
9db0ed
What is -560059 (base 11) in base 13?
-253700
What is -10000010010101000110 (base 2) in base 10?
-533830
What is 6a7b36 (base 13) in base 4?
21221311123
What is -33002231003 (base 4) in base 2?
-1111000010101101000011
Convert 7941b (base 15) to base 10.
385676
-483784 (base 11) to base 16
-bb138
3343321 (base 8) to base 3
1200212111110
Convert 230542 (base 10) to base 11.
148234
What is 1100320220 (base 4) in base 10?
331304
-398329 (base 15) to base 7
-32320626
What is -315623 (base 10) in base 9?
-530852
-39b534 (base 15) to base 8
-12446121
-20121221022 (base 3) to base 5
-13133240
Convert -2a3aa05 (base 11) to base 15.
-6ce4c0
Convert 74c333 (base 13) to base 11.
1601839
What is -8bba0 (base 16) in base 4?
-2023232200
What is -2130311 (base 4) in base 13?
-4751
-93539 (base 11) to base 2
-100001010011011001
1444320231 (base 5) to base 16
3b8784
Convert 34413042 (base 6) to base 12.
431182
Convert 109950 (base 10) to base 11.
75675
What is 210002110101 (base 3) in base 6?
12521531
3d3d9 (base 15) to base 12
95959
Convert 11202000112222 (base 3) to base 6.
130001512
Convert -41e2a (base 15) to base 3.
-101121210011
Convert -1ebe2 (base 15) to base 7.
-566120
Convert 20cbe (base 15) to base 9.
167748
Convert -32020402 (base 5) to base 15.
-54187
What is -3265 (base 14) in base 5?
-234323
What is -11010100001111100111 (base 2) in base 3?
-1122011112012
Convert -12020200010 (base 3) to base 15.
-20903
What is -63ba5 (base 14) in base 8?
-726605
Convert -10b48 (base 12) to base 9.
-33622
Convert -1783198 (base 10) to base 6.
-102115314
Convert 11511031 (base 6) to base 15.
73b1d
What is -12845 (base 14) in base 3?
-2022110102
-620da (base 16) to base 12
-17450a
What is 131323213012 (base 4) in base 14?
1083650
10012211012 (base 4) to base 9
2018308
2571605 (base 9) to base 11
87a892
What is 11430040 (base 10) in base 5?
10411230130
704731 (base 9) to base 10
416854
Convert 114c7a (base 13) to base 11.
260689
1220001113 (base 4) to base 12
18669b
What is -350714 (base 11) in base 8?
-2100244
What is -130ff (base 16) in base 3?
-10222002211
-11001012212 (base 3) to base 11
-54901
2309c0 (base 14) to base 5
301132303
Convert 470068 (base 11) to base 6.
24001125
What is 760103 (base 10) in base 15?
100338
Convert -62a21 (base 14) to base 5.
-30103343
What is -160227 (base 9) in base 16?
-1812a
3313346 (base 8) to base 6
31031050
What is -6188610 (base 10) in base 15?
-8239e0
What is 377559 (base 14) in base 9?
3518846
1a364 (base 12) to base 2
1001011001111100
What is 2b097 (base 13) in base 9?
133608
Convert 234626 (base 8) to base 7.
453022
-699b9 (base 12) to base 16
-2285d
What is -10000000001101110111110 (base 2) in base 6?
-230014542
What is -2341031 (base 5) in base 8?
-124402
What is -158320 (base 9) in base 10?
-97947
What is 1117463 (base 8) in base 4?
1021330303
What is 374e2 (base 15) in base 4?
223013210
-2210861 (base 9) to base 12
-493784
What is 68680 (base 11) in base 6?
2043432
Convert -1727915 (base 12) to base 9.
-8888548
-22200011212 (base 3) to base 13
-5c921
What is 124340044 (base 5) in base 9?
1146204
What is 110010001011110 (base 2) in base 11?
18339
-244113431 (base 5) to base 8
-4332453
Convert 103566 (base 9) to base 7.
344613
726441 (base 9) to base 10
431200
Convert -1100000020011220 (base 3) to base 5.
-14344331012
Convert aaaa (base 14) to base 9.
44473
37563 (base 16) to base 5
24223114
-2011165 (base 